{"id":762,"date":"2026-03-18T16:44:20","date_gmt":"2026-03-18T15:44:20","guid":{"rendered":"https:\/\/benmatteo-audiovisuel.fr\/?page_id=762"},"modified":"2026-03-18T22:14:13","modified_gmt":"2026-03-18T21:14:13","slug":"formules-completes","status":"publish","type":"page","link":"https:\/\/benmatteo-audiovisuel.fr\/index.php\/formules-completes\/","title":{"rendered":"Formules Compl\u00e8tes"},"content":{"rendered":"\n<div class=\"wp-block-group alignwide is-layout-flow wp-container-core-group-is-layout-8f592519 wp-block-group-is-layout-flow\" style=\"border-radius:18px;min-height:0px;margin-top:var(--wp--preset--spacing--50);margin-bottom:var(--wp--preset--spacing--40);padding-top:var(--wp--preset--spacing--20);padding-right:var(--wp--preset--spacing--20);padding-bottom:var(--wp--preset--spacing--20);padding-left:var(--wp--preset--spacing--20)\">\n<div class=\"wp-block-group has-background has-global-padding is-layout-constrained wp-block-group-is-layout-constrained\" style=\"border-top-left-radius:100px;border-top-right-radius:100px;border-bottom-left-radius:100px;border-bottom-right-radius:100px;background-color:#37475b;padding-top:var(--wp--preset--spacing--30);padding-bottom:var(--wp--preset--spacing--30)\">\n<h2 class=\"wp-block-heading alignfull has-text-align-center is-style-default\" style=\"font-size:clamp(2.375rem, 2.375rem + ((1vw - 0.2rem) * 3.176), 4.4rem);\"><strong>Formules Compl\u00e8tes<\/strong><\/h2>\n\n\n\n<p class=\"has-text-align-center\" style=\"font-size:clamp(1.25rem, 1.25rem + ((1vw - 0.2rem) * 1.176), 2rem);\"><strong>Conception Tournage Montage<\/strong><\/p>\n<\/div>\n<\/div>\n\n\n\n<div class=\"wp-block-group alignwide has-global-padding is-layout-constrained wp-container-core-group-is-layout-d0fa2208 wp-block-group-is-layout-constrained\" style=\"margin-bottom:var(--wp--preset--spacing--50);padding-top:var(--wp--preset--spacing--30);padding-right:var(--wp--preset--spacing--80);padding-bottom:var(--wp--preset--spacing--30);padding-left:var(--wp--preset--spacing--80)\">\n<div class=\"wp-block-group has-background is-layout-flow wp-container-core-group-is-layout-8bb33884 wp-block-group-is-layout-flow\" style=\"border-width:1px;border-radius:18px;background-color:#17285a;min-height:0px;margin-top:0;margin-bottom:var(--wp--preset--spacing--40);padding-top:var(--wp--preset--spacing--20);padding-right:var(--wp--preset--spacing--20);padding-bottom:var(--wp--preset--spacing--20);padding-left:var(--wp--preset--spacing--20)\">\n<h2 class=\"wp-block-heading has-text-align-center has-xx-large-font-size\"><strong>Reportages<\/strong><\/h2>\n<\/div>\n\n\n\n<figure class=\"wp-block-gallery alignwide has-nested-images columns-2 is-cropped wp-block-gallery-1 is-layout-flex wp-block-gallery-is-layout-flex\">\n<figure class=\"wp-block-image size-full has-custom-border is-style-rounded\"><a href=\"https:\/\/benmatteo-audiovisuel.fr\/index.php\/contact\/\" target=\"_blank\" rel=\" noreferrer noopener\"><img loading=\"lazy\" decoding=\"async\" width=\"1080\" height=\"1080\" data-id=\"778\" src=\"https:\/\/benmatteo-audiovisuel.fr\/wp-content\/uploads\/2026\/03\/Reportage_2-3_min.png\" alt=\"\" class=\"wp-image-778\" style=\"border-width:1px;border-top-left-radius:36px;border-top-right-radius:36px;border-bottom-left-radius:36px;border-bottom-right-radius:36px\" srcset=\"https:\/\/benmatteo-audiovisuel.fr\/wp-content\/uploads\/2026\/03\/Reportage_2-3_min.png 1080w, https:\/\/benmatteo-audiovisuel.fr\/wp-content\/uploads\/2026\/03\/Reportage_2-3_min-300x300.png 300w, https:\/\/benmatteo-audiovisuel.fr\/wp-content\/uploads\/2026\/03\/Reportage_2-3_min-1024x1024.png 1024w, https:\/\/benmatteo-audiovisuel.fr\/wp-content\/uploads\/2026\/03\/Reportage_2-3_min-150x150.png 150w, https:\/\/benmatteo-audiovisuel.fr\/wp-content\/uploads\/2026\/03\/Reportage_2-3_min-768x768.png 768w\" sizes=\"auto, (max-width: 1080px) 100vw, 1080px\" \/><\/a><\/figure>\n\n\n\n<figure class=\"wp-block-image size-full has-custom-border\"><a href=\"https:\/\/benmatteo-audiovisuel.fr\/index.php\/contact\/\" target=\"_blank\" rel=\" noreferrer noopener\"><img loading=\"lazy\" decoding=\"async\" width=\"1080\" height=\"1080\" data-id=\"785\" src=\"https:\/\/benmatteo-audiovisuel.fr\/wp-content\/uploads\/2026\/03\/Reportage_5-6_min-Copie.png\" alt=\"\" class=\"wp-image-785\" style=\"border-width:1px;border-top-left-radius:36px;border-top-right-radius:36px;border-bottom-left-radius:36px;border-bottom-right-radius:36px\" srcset=\"https:\/\/benmatteo-audiovisuel.fr\/wp-content\/uploads\/2026\/03\/Reportage_5-6_min-Copie.png 1080w, https:\/\/benmatteo-audiovisuel.fr\/wp-content\/uploads\/2026\/03\/Reportage_5-6_min-Copie-300x300.png 300w, https:\/\/benmatteo-audiovisuel.fr\/wp-content\/uploads\/2026\/03\/Reportage_5-6_min-Copie-1024x1024.png 1024w, https:\/\/benmatteo-audiovisuel.fr\/wp-content\/uploads\/2026\/03\/Reportage_5-6_min-Copie-150x150.png 150w, https:\/\/benmatteo-audiovisuel.fr\/wp-content\/uploads\/2026\/03\/Reportage_5-6_min-Copie-768x768.png 768w\" sizes=\"auto, (max-width: 1080px) 100vw, 1080px\" \/><\/a><\/figure>\n\n\n\n<figure class=\"wp-block-image size-full has-custom-border\"><a href=\"https:\/\/benmatteo-audiovisuel.fr\/index.php\/contact\/\" target=\"_blank\" rel=\" noreferrer noopener\"><img loading=\"lazy\" decoding=\"async\" width=\"1080\" height=\"1080\" data-id=\"791\" src=\"https:\/\/benmatteo-audiovisuel.fr\/wp-content\/uploads\/2026\/03\/Reportage_8-10_min-Copie.png\" alt=\"\" class=\"wp-image-791\" style=\"border-width:1px;border-top-left-radius:36px;border-top-right-radius:36px;border-bottom-left-radius:36px;border-bottom-right-radius:36px\" srcset=\"https:\/\/benmatteo-audiovisuel.fr\/wp-content\/uploads\/2026\/03\/Reportage_8-10_min-Copie.png 1080w, https:\/\/benmatteo-audiovisuel.fr\/wp-content\/uploads\/2026\/03\/Reportage_8-10_min-Copie-300x300.png 300w, https:\/\/benmatteo-audiovisuel.fr\/wp-content\/uploads\/2026\/03\/Reportage_8-10_min-Copie-1024x1024.png 1024w, https:\/\/benmatteo-audiovisuel.fr\/wp-content\/uploads\/2026\/03\/Reportage_8-10_min-Copie-150x150.png 150w, https:\/\/benmatteo-audiovisuel.fr\/wp-content\/uploads\/2026\/03\/Reportage_8-10_min-Copie-768x768.png 768w\" sizes=\"auto, (max-width: 1080px) 100vw, 1080px\" \/><\/a><\/figure>\n\n\n\n<figure class=\"wp-block-image size-full has-custom-border\"><a href=\"https:\/\/benmatteo-audiovisuel.fr\/index.php\/contact\/\" target=\"_blank\" rel=\" noreferrer noopener\"><img loading=\"lazy\" decoding=\"async\" width=\"1080\" height=\"1080\" data-id=\"792\" src=\"https:\/\/benmatteo-audiovisuel.fr\/wp-content\/uploads\/2026\/03\/Reportage_12-15_min-Copie.png\" alt=\"\" class=\"wp-image-792\" style=\"border-width:1px;border-top-left-radius:36px;border-top-right-radius:36px;border-bottom-left-radius:36px;border-bottom-right-radius:36px\" srcset=\"https:\/\/benmatteo-audiovisuel.fr\/wp-content\/uploads\/2026\/03\/Reportage_12-15_min-Copie.png 1080w, https:\/\/benmatteo-audiovisuel.fr\/wp-content\/uploads\/2026\/03\/Reportage_12-15_min-Copie-300x300.png 300w, https:\/\/benmatteo-audiovisuel.fr\/wp-content\/uploads\/2026\/03\/Reportage_12-15_min-Copie-1024x1024.png 1024w, https:\/\/benmatteo-audiovisuel.fr\/wp-content\/uploads\/2026\/03\/Reportage_12-15_min-Copie-150x150.png 150w, https:\/\/benmatteo-audiovisuel.fr\/wp-content\/uploads\/2026\/03\/Reportage_12-15_min-Copie-768x768.png 768w\" sizes=\"auto, (max-width: 1080px) 100vw, 1080px\" \/><\/a><\/figure>\n<\/figure>\n<\/div>\n\n\n\n<div class=\"wp-block-group alignwide has-global-padding is-layout-constrained wp-container-core-group-is-layout-ee84f92f wp-block-group-is-layout-constrained\" style=\"margin-top:0;margin-bottom:var(--wp--preset--spacing--50);padding-top:var(--wp--preset--spacing--30);padding-right:var(--wp--preset--spacing--80);padding-bottom:var(--wp--preset--spacing--30);padding-left:var(--wp--preset--spacing--80)\">\n<div class=\"wp-block-group has-background is-layout-flow wp-container-core-group-is-layout-8bb33884 wp-block-group-is-layout-flow\" style=\"border-width:1px;border-radius:18px;background-color:#185129;min-height:0px;margin-top:0;margin-bottom:var(--wp--preset--spacing--40);padding-top:var(--wp--preset--spacing--20);padding-right:var(--wp--preset--spacing--20);padding-bottom:var(--wp--preset--spacing--20);padding-left:var(--wp--preset--spacing--20)\">\n<h2 class=\"wp-block-heading has-text-align-center has-xx-large-font-size\"><strong>Teaser<\/strong><\/h2>\n<\/div>\n\n\n\n<figure class=\"wp-block-gallery alignwide has-nested-images columns-4 is-cropped wp-block-gallery-2 is-layout-flex wp-block-gallery-is-layout-flex\">\n<figure class=\"wp-block-image size-full has-custom-border is-style-rounded\"><a href=\"https:\/\/benmatteo-audiovisuel.fr\/index.php\/contact\/\"><img loading=\"lazy\" decoding=\"async\" width=\"1080\" height=\"1080\" data-id=\"843\" src=\"https:\/\/benmatteo-audiovisuel.fr\/wp-content\/uploads\/2026\/03\/TEASER_1-2_min.png\" alt=\"\" class=\"wp-image-843\" style=\"border-width:1px;border-top-left-radius:36px;border-top-right-radius:36px;border-bottom-left-radius:36px;border-bottom-right-radius:36px\" srcset=\"https:\/\/benmatteo-audiovisuel.fr\/wp-content\/uploads\/2026\/03\/TEASER_1-2_min.png 1080w, https:\/\/benmatteo-audiovisuel.fr\/wp-content\/uploads\/2026\/03\/TEASER_1-2_min-300x300.png 300w, https:\/\/benmatteo-audiovisuel.fr\/wp-content\/uploads\/2026\/03\/TEASER_1-2_min-1024x1024.png 1024w, https:\/\/benmatteo-audiovisuel.fr\/wp-content\/uploads\/2026\/03\/TEASER_1-2_min-150x150.png 150w, https:\/\/benmatteo-audiovisuel.fr\/wp-content\/uploads\/2026\/03\/TEASER_1-2_min-768x768.png 768w\" sizes=\"auto, (max-width: 1080px) 100vw, 1080px\" \/><\/a><\/figure>\n\n\n\n<figure class=\"wp-block-image size-full has-custom-border\"><a href=\"https:\/\/benmatteo-audiovisuel.fr\/index.php\/contact\/\" target=\"_blank\" rel=\" noreferrer noopener\"><img loading=\"lazy\" decoding=\"async\" width=\"1080\" height=\"1080\" data-id=\"844\" src=\"https:\/\/benmatteo-audiovisuel.fr\/wp-content\/uploads\/2026\/03\/TEASER_2-3_min.png\" alt=\"\" class=\"wp-image-844\" style=\"border-width:1px;border-top-left-radius:36px;border-top-right-radius:36px;border-bottom-left-radius:36px;border-bottom-right-radius:36px\" srcset=\"https:\/\/benmatteo-audiovisuel.fr\/wp-content\/uploads\/2026\/03\/TEASER_2-3_min.png 1080w, https:\/\/benmatteo-audiovisuel.fr\/wp-content\/uploads\/2026\/03\/TEASER_2-3_min-300x300.png 300w, https:\/\/benmatteo-audiovisuel.fr\/wp-content\/uploads\/2026\/03\/TEASER_2-3_min-1024x1024.png 1024w, https:\/\/benmatteo-audiovisuel.fr\/wp-content\/uploads\/2026\/03\/TEASER_2-3_min-150x150.png 150w, https:\/\/benmatteo-audiovisuel.fr\/wp-content\/uploads\/2026\/03\/TEASER_2-3_min-768x768.png 768w\" sizes=\"auto, (max-width: 1080px) 100vw, 1080px\" \/><\/a><\/figure>\n<\/figure>\n<\/div>\n\n\n\n<div class=\"wp-block-group alignwide has-global-padding is-layout-constrained wp-container-core-group-is-layout-1f89a59f wp-block-group-is-layout-constrained\" style=\"margin-bottom:var(--wp--preset--spacing--50);padding-top:var(--wp--preset--spacing--30);padding-right:var(--wp--preset--spacing--30);padding-bottom:var(--wp--preset--spacing--30);padding-left:var(--wp--preset--spacing--30)\">\n<div class=\"wp-block-group has-background is-layout-flow wp-container-core-group-is-layout-8bb33884 wp-block-group-is-layout-flow\" style=\"border-width:1px;border-radius:18px;background-color:#8a380f;min-height:0px;margin-top:0;margin-bottom:var(--wp--preset--spacing--40);padding-top:var(--wp--preset--spacing--20);padding-right:var(--wp--preset--spacing--20);padding-bottom:var(--wp--preset--spacing--20);padding-left:var(--wp--preset--spacing--20)\">\n<h2 class=\"wp-block-heading has-text-align-center has-xx-large-font-size\"><strong>Interviews<\/strong><\/h2>\n<\/div>\n\n\n\n<figure class=\"wp-block-gallery alignwide has-nested-images columns-3 is-cropped wp-block-gallery-3 is-layout-flex wp-block-gallery-is-layout-flex\">\n<figure class=\"wp-block-image size-full has-custom-border is-style-rounded\"><a href=\"https:\/\/benmatteo-audiovisuel.fr\/index.php\/contact\/\" target=\"_blank\" rel=\" noreferrer noopener\"><img loading=\"lazy\" decoding=\"async\" width=\"1080\" height=\"1080\" data-id=\"888\" src=\"https:\/\/benmatteo-audiovisuel.fr\/wp-content\/uploads\/2026\/03\/ITW_2-5_min.png\" alt=\"\" class=\"wp-image-888\" style=\"border-width:1px;border-top-left-radius:36px;border-top-right-radius:36px;border-bottom-left-radius:36px;border-bottom-right-radius:36px\" srcset=\"https:\/\/benmatteo-audiovisuel.fr\/wp-content\/uploads\/2026\/03\/ITW_2-5_min.png 1080w, https:\/\/benmatteo-audiovisuel.fr\/wp-content\/uploads\/2026\/03\/ITW_2-5_min-300x300.png 300w, https:\/\/benmatteo-audiovisuel.fr\/wp-content\/uploads\/2026\/03\/ITW_2-5_min-1024x1024.png 1024w, https:\/\/benmatteo-audiovisuel.fr\/wp-content\/uploads\/2026\/03\/ITW_2-5_min-150x150.png 150w, https:\/\/benmatteo-audiovisuel.fr\/wp-content\/uploads\/2026\/03\/ITW_2-5_min-768x768.png 768w\" sizes=\"auto, (max-width: 1080px) 100vw, 1080px\" \/><\/a><\/figure>\n\n\n\n<figure class=\"wp-block-image size-full has-custom-border\"><a href=\"https:\/\/benmatteo-audiovisuel.fr\/index.php\/contact\/\" target=\"_blank\" rel=\" noreferrer noopener\"><img loading=\"lazy\" decoding=\"async\" width=\"1080\" height=\"1080\" data-id=\"890\" src=\"https:\/\/benmatteo-audiovisuel.fr\/wp-content\/uploads\/2026\/03\/ITW_5-10_min.png\" alt=\"\" class=\"wp-image-890\" style=\"border-width:1px;border-top-left-radius:36px;border-top-right-radius:36px;border-bottom-left-radius:36px;border-bottom-right-radius:36px\" srcset=\"https:\/\/benmatteo-audiovisuel.fr\/wp-content\/uploads\/2026\/03\/ITW_5-10_min.png 1080w, https:\/\/benmatteo-audiovisuel.fr\/wp-content\/uploads\/2026\/03\/ITW_5-10_min-300x300.png 300w, https:\/\/benmatteo-audiovisuel.fr\/wp-content\/uploads\/2026\/03\/ITW_5-10_min-1024x1024.png 1024w, https:\/\/benmatteo-audiovisuel.fr\/wp-content\/uploads\/2026\/03\/ITW_5-10_min-150x150.png 150w, https:\/\/benmatteo-audiovisuel.fr\/wp-content\/uploads\/2026\/03\/ITW_5-10_min-768x768.png 768w\" sizes=\"auto, (max-width: 1080px) 100vw, 1080px\" \/><\/a><\/figure>\n\n\n\n<figure class=\"wp-block-image size-full has-custom-border\"><a href=\"https:\/\/benmatteo-audiovisuel.fr\/index.php\/contact\/\" target=\"_blank\" rel=\" noreferrer noopener\"><img loading=\"lazy\" decoding=\"async\" width=\"1080\" height=\"1080\" data-id=\"889\" src=\"https:\/\/benmatteo-audiovisuel.fr\/wp-content\/uploads\/2026\/03\/ITW_10-15_min.png\" alt=\"\" class=\"wp-image-889\" style=\"border-width:1px;border-top-left-radius:36px;border-top-right-radius:36px;border-bottom-left-radius:36px;border-bottom-right-radius:36px\" srcset=\"https:\/\/benmatteo-audiovisuel.fr\/wp-content\/uploads\/2026\/03\/ITW_10-15_min.png 1080w, https:\/\/benmatteo-audiovisuel.fr\/wp-content\/uploads\/2026\/03\/ITW_10-15_min-300x300.png 300w, https:\/\/benmatteo-audiovisuel.fr\/wp-content\/uploads\/2026\/03\/ITW_10-15_min-1024x1024.png 1024w, https:\/\/benmatteo-audiovisuel.fr\/wp-content\/uploads\/2026\/03\/ITW_10-15_min-150x150.png 150w, https:\/\/benmatteo-audiovisuel.fr\/wp-content\/uploads\/2026\/03\/ITW_10-15_min-768x768.png 768w\" sizes=\"auto, (max-width: 1080px) 100vw, 1080px\" \/><\/a><\/figure>\n<\/figure>\n<\/div>\n\n\n\n<div class=\"wp-block-group alignwide has-global-padding is-layout-constrained wp-container-core-group-is-layout-d0fa2208 wp-block-group-is-layout-constrained\" style=\"margin-bottom:var(--wp--preset--spacing--50);padding-top:var(--wp--preset--spacing--30);padding-right:var(--wp--preset--spacing--80);padding-bottom:var(--wp--preset--spacing--30);padding-left:var(--wp--preset--spacing--80)\">\n<div class=\"wp-block-group has-background is-layout-flow wp-container-core-group-is-layout-8bb33884 wp-block-group-is-layout-flow\" style=\"border-width:1px;border-radius:18px;background-color:#3f1363;min-height:0px;margin-top:0;margin-bottom:var(--wp--preset--spacing--40);padding-top:var(--wp--preset--spacing--20);padding-right:var(--wp--preset--spacing--20);padding-bottom:var(--wp--preset--spacing--20);padding-left:var(--wp--preset--spacing--20)\">\n<h2 class=\"wp-block-heading has-text-align-center\" style=\"font-size:clamp(1.551rem, 1.551rem + ((1vw - 0.2rem) * 1.645), 2.6rem);\"><strong>Films Institutionnels<\/strong><\/h2>\n<\/div>\n\n\n\n<figure class=\"wp-block-gallery alignwide has-nested-images columns-2 is-cropped wp-block-gallery-4 is-layout-flex wp-block-gallery-is-layout-flex\">\n<figure class=\"wp-block-image size-full has-custom-border is-style-rounded\"><a href=\"https:\/\/benmatteo-audiovisuel.fr\/index.php\/contact\/\" target=\"_blank\" rel=\" noreferrer noopener\"><img loading=\"lazy\" decoding=\"async\" width=\"1080\" height=\"1080\" data-id=\"895\" src=\"https:\/\/benmatteo-audiovisuel.fr\/wp-content\/uploads\/2026\/03\/FILM_INSTIT_1-2_min.png\" alt=\"\" class=\"wp-image-895\" style=\"border-width:1px;border-top-left-radius:36px;border-top-right-radius:36px;border-bottom-left-radius:36px;border-bottom-right-radius:36px\" srcset=\"https:\/\/benmatteo-audiovisuel.fr\/wp-content\/uploads\/2026\/03\/FILM_INSTIT_1-2_min.png 1080w, https:\/\/benmatteo-audiovisuel.fr\/wp-content\/uploads\/2026\/03\/FILM_INSTIT_1-2_min-300x300.png 300w, https:\/\/benmatteo-audiovisuel.fr\/wp-content\/uploads\/2026\/03\/FILM_INSTIT_1-2_min-1024x1024.png 1024w, https:\/\/benmatteo-audiovisuel.fr\/wp-content\/uploads\/2026\/03\/FILM_INSTIT_1-2_min-150x150.png 150w, https:\/\/benmatteo-audiovisuel.fr\/wp-content\/uploads\/2026\/03\/FILM_INSTIT_1-2_min-768x768.png 768w\" sizes=\"auto, (max-width: 1080px) 100vw, 1080px\" \/><\/a><\/figure>\n\n\n\n<figure class=\"wp-block-image size-full has-custom-border\"><a href=\"https:\/\/benmatteo-audiovisuel.fr\/index.php\/contact\/\" target=\"_blank\" rel=\" noreferrer noopener\"><img loading=\"lazy\" decoding=\"async\" width=\"1080\" height=\"1080\" data-id=\"898\" src=\"https:\/\/benmatteo-audiovisuel.fr\/wp-content\/uploads\/2026\/03\/FILM_INSTIT_3-5_min.png\" alt=\"\" class=\"wp-image-898\" style=\"border-width:1px;border-top-left-radius:36px;border-top-right-radius:36px;border-bottom-left-radius:36px;border-bottom-right-radius:36px\" srcset=\"https:\/\/benmatteo-audiovisuel.fr\/wp-content\/uploads\/2026\/03\/FILM_INSTIT_3-5_min.png 1080w, https:\/\/benmatteo-audiovisuel.fr\/wp-content\/uploads\/2026\/03\/FILM_INSTIT_3-5_min-300x300.png 300w, https:\/\/benmatteo-audiovisuel.fr\/wp-content\/uploads\/2026\/03\/FILM_INSTIT_3-5_min-1024x1024.png 1024w, https:\/\/benmatteo-audiovisuel.fr\/wp-content\/uploads\/2026\/03\/FILM_INSTIT_3-5_min-150x150.png 150w, https:\/\/benmatteo-audiovisuel.fr\/wp-content\/uploads\/2026\/03\/FILM_INSTIT_3-5_min-768x768.png 768w\" sizes=\"auto, (max-width: 1080px) 100vw, 1080px\" \/><\/a><\/figure>\n\n\n\n<figure class=\"wp-block-image size-full has-custom-border\"><a href=\"https:\/\/benmatteo-audiovisuel.fr\/index.php\/contact\/\" target=\"_blank\" rel=\" noreferrer noopener\"><img loading=\"lazy\" decoding=\"async\" width=\"1080\" height=\"1080\" data-id=\"897\" src=\"https:\/\/benmatteo-audiovisuel.fr\/wp-content\/uploads\/2026\/03\/FILM_INSTIT_5-7_min.png\" alt=\"\" class=\"wp-image-897\" style=\"border-width:1px;border-top-left-radius:36px;border-top-right-radius:36px;border-bottom-left-radius:36px;border-bottom-right-radius:36px\" srcset=\"https:\/\/benmatteo-audiovisuel.fr\/wp-content\/uploads\/2026\/03\/FILM_INSTIT_5-7_min.png 1080w, https:\/\/benmatteo-audiovisuel.fr\/wp-content\/uploads\/2026\/03\/FILM_INSTIT_5-7_min-300x300.png 300w, https:\/\/benmatteo-audiovisuel.fr\/wp-content\/uploads\/2026\/03\/FILM_INSTIT_5-7_min-1024x1024.png 1024w, https:\/\/benmatteo-audiovisuel.fr\/wp-content\/uploads\/2026\/03\/FILM_INSTIT_5-7_min-150x150.png 150w, https:\/\/benmatteo-audiovisuel.fr\/wp-content\/uploads\/2026\/03\/FILM_INSTIT_5-7_min-768x768.png 768w\" sizes=\"auto, (max-width: 1080px) 100vw, 1080px\" \/><\/a><\/figure>\n\n\n\n<figure class=\"wp-block-image size-full has-custom-border\"><a href=\"https:\/\/benmatteo-audiovisuel.fr\/index.php\/contact\/\" target=\"_blank\" rel=\" noreferrer noopener\"><img loading=\"lazy\" decoding=\"async\" width=\"1080\" height=\"1080\" data-id=\"896\" src=\"https:\/\/benmatteo-audiovisuel.fr\/wp-content\/uploads\/2026\/03\/FILM_INSTIT_8-10_min.png\" alt=\"\" class=\"wp-image-896\" style=\"border-width:1px;border-top-left-radius:36px;border-top-right-radius:36px;border-bottom-left-radius:36px;border-bottom-right-radius:36px\" srcset=\"https:\/\/benmatteo-audiovisuel.fr\/wp-content\/uploads\/2026\/03\/FILM_INSTIT_8-10_min.png 1080w, https:\/\/benmatteo-audiovisuel.fr\/wp-content\/uploads\/2026\/03\/FILM_INSTIT_8-10_min-300x300.png 300w, https:\/\/benmatteo-audiovisuel.fr\/wp-content\/uploads\/2026\/03\/FILM_INSTIT_8-10_min-1024x1024.png 1024w, https:\/\/benmatteo-audiovisuel.fr\/wp-content\/uploads\/2026\/03\/FILM_INSTIT_8-10_min-150x150.png 150w, https:\/\/benmatteo-audiovisuel.fr\/wp-content\/uploads\/2026\/03\/FILM_INSTIT_8-10_min-768x768.png 768w\" sizes=\"auto, (max-width: 1080px) 100vw, 1080px\" \/><\/a><\/figure>\n<\/figure>\n<\/div>\n\n\n\n<div class=\"wp-block-group alignwide has-global-padding is-layout-constrained wp-block-group-is-layout-constrained\" style=\"border-radius:65px;padding-top:var(--wp--preset--spacing--30);padding-bottom:var(--wp--preset--spacing--20)\">\n<div class=\"wp-block-columns alignwide is-layout-flex wp-container-core-columns-is-layout-dc004086 wp-block-columns-is-layout-flex\" style=\"margin-bottom:0;padding-top:0;padding-right:var(--wp--preset--spacing--40);padding-left:var(--wp--preset--spacing--40)\">\n<div class=\"wp-block-column is-style-section-1 has-text-color has-background is-layout-flow wp-block-column-is-layout-flow is-style-section-1--5\" style=\"border-width:1px;border-top-left-radius:36px;border-top-right-radius:36px;border-bottom-left-radius:36px;border-bottom-right-radius:36px;color:#000000;background-color:#3978a8;padding-top:2em;padding-right:2em;padding-bottom:2em;padding-left:2em\">\n<h2 class=\"wp-block-heading has-text-align-center has-base-color has-text-color has-link-color wp-elements-0d13f89b851794d652e43cd2a370aefb\" id=\"single\" style=\"font-size:clamp(24.034px, 1.502rem + ((1vw - 3.2px) * 1.565), 40px);\"><strong>Format Personnalis\u00e9<\/strong><\/h2>\n\n\n\n<p class=\"has-text-align-center has-base-color has-text-color has-link-color has-normal-font-size wp-elements-74e267eca924288c53fa940a79b11f04\" style=\"line-height:1.5\">Formule adaptative pour tous les go\u00fbts.<\/p>\n\n\n\n<hr class=\"wp-block-separator has-text-color has-base-color has-alpha-channel-opacity has-base-background-color has-background is-style-wide is-style-wide--6\"\/>\n\n\n\n<ul class=\"wp-block-list has-normal-font-size\">\n<li class=\"has-base-color has-text-color has-link-color wp-elements-4f6158470e3562989cdad2ead4394673\">Entretien de Pr\u00e9sentation du Projet et Devis Gratuit<\/li>\n\n\n\n<li class=\"has-base-color has-text-color has-link-color wp-elements-ebd6d400f5e5da476ff9547e3faaeb31\">Dur\u00e9e illimit\u00e9 <\/li>\n\n\n\n<li class=\"has-base-color has-text-color has-link-color wp-elements-d9fb2dc9361c0709cffb99286e04825d\">Adaptation au Budget<\/li>\n<\/ul>\n\n\n\n<div class=\"wp-block-buttons alignfull is-horizontal is-content-justification-center is-layout-flex wp-container-core-buttons-is-layout-03627597 wp-block-buttons-is-layout-flex\">\n<div class=\"wp-block-button has-custom-width wp-block-button__width-100\"><a class=\"wp-block-button__link has-white-color has-text-color has-background wp-element-button\" href=\"https:\/\/benmatteo-audiovisuel.fr\/index.php\/contact\/\" style=\"border-radius:31px;background-color:#000000\" target=\"_blank\" rel=\"noreferrer noopener\">PRENDRE CONTACT<\/a><\/div>\n<\/div>\n<\/div>\n<\/div>\n<\/div>\n\n\n\n<p><\/p>\n","protected":false},"excerpt":{"rendered":"<p>Formules Compl\u00e8tes Conception Tournage Montage Reportages Teaser Interviews Films Institutionnels Format Personnalis\u00e9 Formule adaptative pour tous les go\u00fbts.<\/p>\n","protected":false},"author":1,"featured_media":0,"parent":0,"menu_order":0,"comment_status":"closed","ping_status":"closed","template":"","meta":{"footnotes":""},"class_list":["post-762","page","type-page","status-publish","hentry"],"_links":{"self":[{"href":"https:\/\/benmatteo-audiovisuel.fr\/index.php\/wp-json\/wp\/v2\/pages\/762","targetHints":{"allow":["GET"]}}],"collection":[{"href":"https:\/\/benmatteo-audiovisuel.fr\/index.php\/wp-json\/wp\/v2\/pages"}],"about":[{"href":"https:\/\/benmatteo-audiovisuel.fr\/index.php\/wp-json\/wp\/v2\/types\/page"}],"author":[{"embeddable":true,"href":"https:\/\/benmatteo-audiovisuel.fr\/index.php\/wp-json\/wp\/v2\/users\/1"}],"replies":[{"embeddable":true,"href":"https:\/\/benmatteo-audiovisuel.fr\/index.php\/wp-json\/wp\/v2\/comments?post=762"}],"version-history":[{"count":65,"href":"https:\/\/benmatteo-audiovisuel.fr\/index.php\/wp-json\/wp\/v2\/pages\/762\/revisions"}],"predecessor-version":[{"id":910,"href":"https:\/\/benmatteo-audiovisuel.fr\/index.php\/wp-json\/wp\/v2\/pages\/762\/revisions\/910"}],"wp:attachment":[{"href":"https:\/\/benmatteo-audiovisuel.fr\/index.php\/wp-json\/wp\/v2\/media?parent=762"}],"curies":[{"name":"wp","href":"https:\/\/api.w.org\/{rel}","templated":true}]}}